divisor of 18 and v.
9
Suppose -13*g + f = -16*g + 251, -3*g = 5*f - 247. Calculate the greatest common factor of 324 and g.
12
Suppose -5*c = -8*c - 99. Let p be (9/(-6))/(-3) + c/(-6). What is the highest common factor of 12 and p?
6
Suppose -3*a - o = -8*a + 171, -183 = -5*a - 2*o. Let t be (140/(-25))/((-4)/10). What is the highest common divisor of a and t?
7
Let y(p) = -9 - 13 + 30 + 5*p. Let x be y(3). Calculate the highest common factor of x and 184.
23
Let i(x) = 3*x**3 - 28*x**2 + 44*x + 12. Let g be i(8). What is the greatest common factor of 378 and g?
54
Let w = -3384 + 3395. Let h = 5 - -6. Calculate the highest common divisor of h and w.
11
Let v(o) = 3*o**3 + 2*o**2 + 3*o - 3. Let r be v(3). Let w = 54 + 62. Let j = w - 101. Calculate the greatest common divisor of r and j.
15
Let w(l) = -l**2 - 32*l - 65. Let k be w(-7). Calculate the greatest common divisor of k and 220.
110
Suppose 4*m = -v + 75, -4*v = 4*m - v - 65. Let t be m/90 - 2536/(-9). Let h = t - 178. What is the highest common factor of 13 and h?
13
Let r(z) = -z**2 + 13*z + 42. Let v be r(13). Calculate the greatest common divisor of 1554 and v.
42
Let h(t) = 2*t**3 + t**2 - 4. Let r be h(2). Let p(c) = 2*c - 12. Let v be p(r). Calculate the highest common factor of 140 and v.
20
Let h = 250 + -193. What is the greatest common factor of 513 and h?
57
Let y = -87 + 86. Let x be ((-15)/(-30))/(y/(-26)). Let w(f) = 9*f**2 - 3*f - 3. Let z be w(-2). What is the greatest common factor of z and x?
13
Let v be (-5)/10*-686 + -1. What is the greatest common factor of v and 76?
38
Let v = -7 - -16. Suppose -v*o = -o - 616. What is the highest common factor of o and 11?
11
Let o = -1 + 3. Suppose -151 = -35*n - 46. Calculate the greatest common factor of o and n.
1
Suppose 3*z + 20 - 8 = 0. Let n be ((-30)/(-4))/((-3)/z). Calculate the greatest common factor of 80 and n.
10
Suppose 8*x - 220 - 1844 = 0. What is the highest common factor of 1118 and x?
86
Let l(y) = 6*y**2 - 1. Let x be l(-1). Suppose 21 = -x*v + 41. What is the highest common divisor of v and 20?
4
Let o(p) = -12*p - 167. Let s be o(-16). Calculate the highest common factor of 25 and s.
25
Let h = -669 + 885. What is the greatest common factor of 3 and h?
3
Let o(a) = -a**3 + 7*a**2 + 12*a - 4. Suppose -g = -0*g - 4*u + 9, 5*u + 8 = 4*g. Let r be o(g). Calculate the greatest common divisor of r and 32.
16
Suppose -174 = -3*g + 2*g + 5*o, -3*o - 6 = 0. What is the highest common divisor of 123 and g?
41
Suppose -5*x + 36 = -4*x. What is the highest common factor of 84 and x?
12
Let o be (4/(-6))/2*-27. Let u be 84/o - 1/3. Let f(d) = d**3 + 4*d**2 + 3*d + 3. Let h be f(-3). What is the highest common divisor of u and h?
3
Let r = -137 + 216. Let h = -76 + r. Calculate the greatest common factor of h and 12.
3
Let b(y) = 2*y**2 - 2*y - 2. Let n be b(13). What is the highest common divisor of 496 and n?
62
Suppose 0 = -42*o + 41*o + 594. Suppose 10*r - o = -174. Calculate the highest common factor of r and 105.
21
Let m = -297 - -342. Suppose -z - z - 2*q = -14, 2*z - 16 = -3*q. What is the highest common divisor of z and m?
5
Let f = -10 - -66. Suppose 3*h - h + 7 = o, -1 = -h + 5*o. Let u(v) = -4*v - 9. Let w be u(h). Calculate the greatest common divisor of w and f.
7
Suppose -3*m = -m. Suppose 5*p = -m*j + 5*j + 40, 3*j + 12 = -p. Let v(d) = -5*d - 4. Let s be v(j). Calculate the highest common divisor of s and 231.
21
Let v(u) = 5*u - 1. Let r be v(4). What is the highest common divisor of 133 and r?
19
Suppose 11*s + 8 = 3*s. Suppose 0 = -4*q + 3*q - 63. Let b be (s - -4)/((-3)/q). Calculate the highest common divisor of 7 and b.
7
Let m(i) = i**2 + 31*i - 264. Let h be m(8). Calculate the highest common divisor of h and 24.
24
Let n(l) = 2*l**3 - l**2 - 3*l + 2. Let r be n(2). Suppose 5*f - 232 = r. Let w be (-1)/((-3)/12) - -8. What is the greatest common factor of w and f?
12
Suppose 0 = -6*u + 11 + 13. Suppose -u*b = -1 - 15. Suppose r = 3*t - 11, 2*r + 5*t - 3*t - 18 = 0. Calculate the greatest common factor of b and r.
4
Suppose 8 = 5*n - n. Suppose -20 = -3*h + n*h. What is the highest common divisor of 160 and h?
20
Let f = 4237 - 3043. What is the greatest common divisor of 6 and f?
6
Suppose 0 = -3*m + 23 - 17. Calculate the highest common factor of m and 62.
2
Suppose 4*o - 3*o - 51 = 5*w, 20 = -5*w. Let r = o - -49. Calculate the highest common divisor of 10 and r.
10
Let z = -191 - -1187. Calculate the highest common factor of z and 12.
12
Suppose -9*p - 240 = -29*p. What is the highest common factor of 30 and p?
6
Let h(r) = -24*r + 7. Let k be h(-2). Let i = 136 - k. Calculate the greatest common factor of i and 9.
9
Let j be ((-6)/4 - -2)*2. Let b(s) = s**2 + 5*s + 6. Let u be b(-5). Let f be 7*(-2)/((-28)/u). Calculate the highest common factor of j and f.
1
Suppose -2*w + 14 = -2*r, -3*r - 7 = 2*w + 4. Let o = 21 - w. Calculate the highest common divisor of 57 and o.
19
Let d = -1213 - -364. Let p = -426 - d. Calculate the greatest common factor of p and 47.
47
Let v be 126 - (-1 - 10*(-6)/(-12)). Calculate the greatest common divisor of 165 and v.
33
Suppose 4*n + 22 = 2*m, -5*m = -2*n - 15 - 8. Let q be 1/m - (-531)/27. Calculate the highest common factor of q and 50.
10
Let u be 11/(7/(-20) + 3/5). Suppose -4*r + u = -2*r. What is the greatest common factor of r and 22?
22
Suppose -20*d + 23*d - 42 = 0. Let f = 7 + 7. What is the greatest common divisor of f and d?
14
Let u be 2/1 + 6 + -3. Suppose 0 = -4*s + u*l + 115, -3 = -2*l - l. Calculate the greatest common factor of s and 45.
15
Let m(n) = 16*n**3 - n**2 + n. Suppose 0 = -2*y - 2*y + 100. Let z = -23 + y. Let c be m(z). What is the greatest common factor of 18 and c?
18
Suppose 5*z = -3*l + 351, 3*l + 436 = 7*l - 4*z. Suppose 67 = 5*s - 3*d, s - 3*d = 2*d + 9. Calculate the highest common divisor of l and s.
14
Suppose 4506 = 22*q - 11224. Calculate the greatest common divisor of 110 and q.
55
Let g be ((-2)/(-3))/((-7)/21). Let x be (24/4)/(g/12). Let n be (x/28 + 1)*-7. What is the highest common factor of n and 22?
2
Let c(t) = t**3 - t**2 + t + 15. Let l be 3/9*0/1. Let r be c(l). Let k(p) = -p**2 + 15. Let m be k(0). What is the greatest common factor of m and r?
15
Let p be (10 + 0 - 5) + 28. Suppose 0 = y - 4*y + 18. Calculate the greatest common factor of p and y.
3
Suppose -44*t + 63*t = 152. What is the highest common divisor of t and 56?
8
Let y be 3 - -30 - (31 + -37). What is the highest common factor of y and 416?
13
Let f be (-4)/1 - (-7 - -1). Suppose -22 = -4*i - j, f*i - 8 = 2*j - 4*j. Calculate the highest common factor of 15 and i.
3
Suppose 2 = n - 6. Let h(d) = d + 27. Let c(a) = -9. Let o(z) = 7*c(z) + 2*h(z). Let y be o(n). Calculate the highest common factor of 7 and y.
7
Suppose 2366 = 13*p - 1482. Calculate the greatest common divisor of p and 8.
8
Let k be (-1024)/16*(1 + 0)*-2. Calculate the greatest common divisor of k and 64.
64
Let p be 14/3 + (-1)/(-3). Let x = -70 + 91. Suppose p*k - 29 = x. What is the highest common divisor of 90 and k?
10
Let y = 89 + -33. Let s = 349 + -333. What is the highest common divisor of y and s?
8
Suppose -38*j = -30*j - 440. Calculate the greatest common divisor of 77 and j.
11
Suppose 0 = -21*m + 101 + 109. What is the highest common divisor of 190 and m?
10
Let u = 179 - 96. Suppose -t = -2*b + u, -5*b - t - 50 = -247. What is the highest common divisor of 4 and b?
4
Let f be -4 + 2 - (6/3 - 9). Suppose -d + 3*g - 5*g = -38, -5*d = f*g - 180. What is the greatest common divisor of d and 51?
17
Let j = -335 - -347. Calculate the greatest common factor of 282 and j.
6
Suppose -2*n + 3*n - 37 = 5*t, 0 = -7*n + 2*t + 292. What is the greatest common factor of n and 224?
14
Suppose -5*d = -i - 9, -3*i + i - 8 = 0. Let c be (-72)/(-20) - 2/(-5). What is the greatest common factor of c and d?
1
Let f be (-3 + -1)*(-1 - 0). What is the highest common factor of 188 and f?
4
Let q = 91 - 14. Let m = q - 41. What is the highest common divisor of m and 4?
4
Let f(o) = 2*o**3 + 8*o**2 - 16*o. Let i be f(3). Let u = 0 + 52. Calculate the greatest common factor of i and u.
26
Suppose -2*a = 43 - 147. Suppose 15 = v + 2*v. Suppose 0*g + 60 = 5*g + v*f, 3*f = -5*g + 62. W